 -p - 43 - 312 = -5*k. What is the highest common divisor of m and k?
9
Suppose 76 + 104 = 10*d. Suppose 56 = 4*x + 5*l - d, 2*l + 4 = 0. Calculate the greatest common factor of x and 21.
21
Let b be (7/14)/((-2)/(-4)). Calculate the highest common factor of 32 and b.
1
Let o be ((-10)/(-15))/((-2)/108). Let c be o*(3/4)/((-6)/4). Calculate the greatest common factor of c and 54.
18
Let i(y) = -237*y + 9. Let r be i(-3). Suppose l - r = -7*l. Calculate the greatest common factor of l and 36.
18
Let r be (-1)/(-3) + 3*(-78)/54. Let w be 10/4*(14 + r). What is the highest common factor of w and 275?
25
Let u be 1 + -3 + 2 - -1. Let t be u/((-5 + 3)/(-30)). Let d(h) = h**3 - 4*h**2 + 45. Let p be d(0). What is the greatest common divisor of p and t?
15
Let l = 4 + -1. Let j = 8 - -7. Let u be (-4)/(-6) + 395/j. What is the greatest common divisor of u and l?
3
Let k be -62*(1 + 3)/(-2). Calculate the highest common divisor of k and 186.
62
Let s be -10*(0 + 2/(-4)). Let a be ((-40)/6)/((-22)/132). What is the highest common divisor of a and s?
5
Let o(h) = h**3 - 9*h**2 + 11*h + 30. Let v be o(7). What is the highest common factor of v and 783?
9
Let d be 26112/1856 - (-2)/(-29). What is the highest common factor of 7 and d?
7
Let l(r) = -16*r + 25*r**2 - 3 - 9 - 1 - 14*r**2 - r**3. Let i = -48 - -57. Let x be l(i). What is the greatest common factor of 2 and x?
1
Let m(j) = j**3 + 7*j**2 + 2*j + 2. Let q be m(-3). Calculate the highest common divisor of q and 992.
32
Suppose 59 + 35 = 2*h. Let a = h - 45. Calculate the highest common factor of a and 2.
2
Suppose 80 = 99*p - 94*p. Calculate the greatest common divisor of 1184 and p.
16
Suppose -3*u + 72 = -0*s + 3*s, -4*u = -5*s + 156. What is the greatest common divisor of 364 and s?
28
Suppose 0*f + 252 = 2*f - 3*m, 5*f - 620 = 5*m. Suppose g = -2*g + f. Let w = g + -28. What is the highest common divisor of 6 and w?
6
Suppose 2*w - 2*f - 1229 = 73, -2*w + 1287 = f. Calculate the highest common divisor of w and 76.
38
Let g be (2 + 9/6)*14. Calculate the greatest common divisor of g and 147.
49
Suppose 31 = 4*f + w - 24, 2*f = -4*w + 10. Suppose -7*s + 12*s = 600. Calculate the greatest common divisor of f and s.
15
Suppose 66 = 4*m - 2*m. Suppose -i + m + 39 = 0. What is the highest common divisor of 8 and i?
8
Let i = 109 + -230. Let d be i/(-4) - 7/28. Suppose 0 = -5*y - 3*k + 115, 4*y - 10 - 95 = -5*k. Calculate the highest common divisor of d and y.
10
Let t(z) = -z**2 + 9*z + 16. Let l be t(10). Let w be 1 + l/(-2)*-11. Calculate the highest common factor of 51 and w.
17
Suppose -30 = 10*c - 70. Let a = 8 - 3. Suppose 74 - c = a*r. What is the greatest common divisor of r and 28?
14
Suppose 65*z + 132526 = 132*z. What is the highest common factor of z and 23?
23
Let l(j) = j**2 - 13*j + 24. Let f(u) = -3*u**2 + 38*u - 72. Let c(q) = -3*f(q) - 8*l(q). Let y be c(12). What is the greatest common divisor of 36 and y?
12
Let i(d) = d**3 + 18*d**2 - 3*d - 41. Let h be i(-18). What is the greatest common divisor of 26 and h?
13
Suppose 4*v = 5*w + 417, w - 5*w - 4 = 0. Suppose -t - 23 + v = 0. What is the greatest common divisor of 32 and t?
16
Let n be (-95)/(-20) + (-3)/4. Suppose 2*v = -8*v + 160. Calculate the greatest common factor of v and n.
4
Let b(a) = 2*a**3 - 5*a**2 + 11*a + 12. Let y be b(4). What is the highest common divisor of y and 13?
13
Let y be 1 + (-3)/(-9) - (-1711)/87. Let p(c) = -10*c + 3. Let v be p(-6). Calculate the greatest common factor of y and v.
21
Let j(k) = k**3 - 15*k**2 + 19*k - 15. Let r be j(15). Calculate the greatest common factor of r and 180.
90
Let p(u) = 132*u - 837. Let w be p(17). What is the highest common divisor of 42 and w?
21
Let x = 3 + -9. Let q be (-2)/x + (-56)/(-21). Suppose 5*a = 2*s - 74, s - 2 - 37 = q*a. What is the greatest common divisor of 3 and s?
3
Let h = 78 - 71. Let r(y) = -15*y + 4. Let c be r(-3). What is the highest common factor of c and h?
7
Suppose 36 + 104 = 5*i. Let m(s) = s**3 + 32*s**2 + 34*s + 97. Let n be m(-31). What is the highest common factor of n and i?
4
Suppose 6*x - 28 = -4. Suppose 0 = x*k - 604 + 172. What is the highest common factor of k and 72?
36
Let i be (25 + -1)*(1 + 0). Let l = -596 + 270. Let b = -110 - l. What is the greatest common factor of i and b?
24
Suppose 2*v + 9*i = 7*i + 38, 5*i = -3*v + 65. Calculate the greatest common factor of 39 and v.
3
Let x be 4/18*6*1356/8. Let l = x + -122. Suppose -3*z = -37 - 2. Calculate the greatest common factor of l and z.
13
Let w(s) = s**3 - 15*s**2 + 27*s - 13. Let t be w(13). Suppose t = 10*b - 518 - 282. Calculate the highest common divisor of 10 and b.
10
Let b(k) = -3*k + 26. Let w be b(0). Calculate the highest common divisor of 26 and w.
26
Let r(q) = 24*q**2 + 2*q - 2. Let s(t) = -7*t**2 + 2*t - 1. Let x be s(1). Let b be r(x). Let g = b + -520. Calculate the greatest common divisor of 30 and g.
30
Let k = -13 + 21. Let z be (1 + k)/(3/2). Suppose 0 = -3*g + 5*b + 11, -g = -2*g + 3*b + 5. What is the highest common factor of z and g?
2
Suppose 147 = g + 3*g + d, 0 = 5*d + 25. What is the highest common divisor of 76 and g?
38
Suppose 2*v - 16 = -2*v. Let x be v*(-1)/1 + 1. Let n be (85/(-3))/5*x. Calculate the greatest common divisor of n and 51.
17
Let w(o) = -19*o - 4. Let a be w(-4). Let z = a + -18. Calculate the greatest common divisor of 18 and z.
18
Let z(l) = -2*l - 78. Let y be z(-53). What is the greatest common divisor of 4 and y?
4
Let z be (1 - -1) + 10 + 0. Let w = -14 + z. Let o be (w/(-6))/((-7)/(-1050)). What is the greatest common factor of o and 20?
10
Let w be 2 - (-26)/(-4)*-2. Let i be 2/6 + 145/w. Suppose i = 4*h + 4*g - 214, -4*h + 215 = -5*g. Calculate the greatest common factor of h and 5.
5
Suppose -6*r = -d - 5*r, 3*d = -3*r + 30. What is the greatest common factor of d and 135?
5
Let u = 0 - -28. Suppose 3*s = -g + 4, -10 = g + 4*s - 13. Calculate the highest common divisor of g and u.
7
Let p(w) = -17*w + 1. Let t = -16 - -17. Let l be p(t). Let z = l + 27. Calculate the greatest common divisor of 33 and z.
11
Suppose 3*f - 2*x - 104 = -19, 5*f + 3*x - 148 = 0. Calculate the highest common divisor of f and 2030.
29
Suppose -178 = -5*g - 113. Calculate the greatest common divisor of g and 117.
13
Suppose g = 4*f + 40, 2*f = -2 - 6. Let o(i) = 24*i**2 + 2*i + 2. Let p be o(-1). What is the highest common divisor of p and g?
24
Suppose -41 = 9*a - 68. What is the greatest common factor of 12 and a?
3
Let y be ((-4)/(-6))/((-1)/(-27)). Let o(v) = 5*v**2 + 42*v + 198. Let q be o(-6). What is the greatest common factor of y and q?
18
Let w(a) = 15 + 2*a + 2*a**2 - 3*a**2 + 9*a. Let h be w(12). Suppose 29 = h*i + 2*f, 9*f - 5 = 4*f. Calculate the greatest common divisor of 72 and i.
9
Suppose -13 = l + 5*m - 4, -4*l - 2*m = -18. What is the greatest common divisor of 396 and l?
6
Let s = -298 - -338. What is the highest common divisor of s and 140?
20
Let u = 801 - 798. Calculate the greatest common divisor of 53 and u.
1
Suppose -42*x + 2090 = -37*x. Calculate the highest common divisor of 22 and x.
22
Let i(a) = -a - 2. Let b be i(-5). Let s(p) = -2*p**3 + 2*p**2 + 4*p - 1. Let c be s(b). Let q = 37 + c. What is the greatest common divisor of 3 and q?
3
Let q = -1775 - -2315. Calculate the highest common factor of q and 10.
10
Let f be -3*519/(-9) - -2. Suppose -2*j - 158 = -5*j + 4*d, 3*d - 77 = -2*j. Suppose 6*x + j = 196. Calculate the highest common divisor of f and x.
25
Suppose -7*s - 74 = -9*s. Suppose 0 = -4*u + r - 4*r + 293, u + 3*r - 80 = 0. Suppose -u - s = -4*h. Calculate the highest common factor of h and 135.
27
Let i(b) = b**2 + 2. Suppose 9 = 5*u + 29. Let x be i(u). What is the greatest common factor of x and 12?
6
Let m(i) = -i**2 - 8*i - 6. Suppose -5*r + 34 = 14. Let k be r/6*(-15)/2. Let o be m(k). Calculate the greatest common factor of 99 and o.
9
Let u = 787 + -764. Calculate the greatest common divisor of u and 2.
1
Let d be 7 + 25/(-4) + 15/12. Let a(w) be the first derivative of 23*w**3/3 - w**2 - 1. Let j be a(d). Calculate the greatest common divisor of j and 11.
11
Suppose 2*f + 5*w + 2 = -14, w + 10 = 3*f. Suppose -340 = -f*j - 2*c, -3*c = 2*j - 143 - 196. What is the highest common di